ase 15?
-c0175
What is -9912 (base 15) in base 10?
-32417
Convert -25995b (base 12) to base 14.
-121459
Convert -16a4a (base 11) to base 4.
-11311103
-6242853 (base 9) to base 2
-1100101110001111100110
11013112322 (base 4) to base 7
14253131
What is 13478 (base 10) in base 9?
20435
Convert -20121110110122 (base 3) to base 2.
-1101011001100101010111
Convert 134351620 (base 7) to base 2.
100001011100111001001111
What is 110101011111110100101 (base 2) in base 12?
706571
Convert -511421 (base 7) to base 4.
-111033032
What is -6c74b (base 15) in base 13?
-c1595
Convert d9c2 (base 14) to base 13.
1416a
Convert -3356700 (base 8) to base 16.
-dddc0
Convert -10170a (base 13) to base 8.
-1333633
What is -131397 (base 11) in base 4?
-302132312
5012546 (base 7) to base 5
122412421
Convert -595a5 (base 13) to base 9.
-268321
33334 (base 7) to base 3
102112021
Convert 115421344 (base 6) to base 9.
4163631
What is 101031124 (base 5) in base 16?
63ae1
-440402440 (base 6) to base 3
-112210211111020
What is -ddf4 (base 16) in base 7?
-324441
What is -110010111011110010 (base 2) in base 6?
-4245510
-1031223302 (base 4) to base 2
-1001101101011110010
10000010010101111 (base 2) to base 8
202257
What is 1016312 (base 10) in base 8?
3700770
Convert -6e9f (base 16) to base 4.
-12322133
213233101131 (base 4) to base 6
1011135553
-1975539 (base 15) to base 5
-14230104204
Convert 17416 (base 12) to base 11.
23128
6b238 (base 12) to base 6
3025312
-151516 (base 7) to base 10
-29413
113011223 (base 4) to base 9
153648
What is 5210 (base 10) in base 7?
21122
Convert 8a833 (base 11) to base 8.
400562
What is -140251 (base 9) in base 4?
-110313331
Convert 7057cb (base 13) to base 12.
a5b276
-104769 (base 10) to base 2
-11001100101000001
What is -452a27 (base 12) in base 7?
-12245320
-4466321 (base 7) to base 14
-1060b8
-53e60 (base 15) to base 14
-6d190
-377363 (base 12) to base 16
-dcc3b
Convert 1012769 (base 10) to base 16.
f7421
Convert 10004021433 (base 5) to base 11.
5604157
What is -2120101111020 (base 3) in base 10?
-1365774
3c0727 (base 15) to base 3
12102200112201
Convert 5861f (base 16) to base 11.
227a95
1786552 (base 9) to base 12
403b02
What is 168b19 (base 14) in base 2?
11000001011110000011
-2113003 (base 7) to base 13
-8c40a
-407757 (base 10) to base 8
-1434315
What is 904986 (base 15) in base 10?
6850026
Convert -300334241 (base 5) to base 12.
-491014
-100322213 (base 4) to base 5
-4204122
Convert 6017655 (base 9) to base 13.
880bbc
Convert -3225c5 (base 13) to base 14.
-228a09
Convert 210300133312 (base 4) to base 12.
328835a
What is -110231020212 (base 4) in base 9?
-11182423
Convert -a6b33b (base 12) to base 10.
-2632223
Convert -304445 (base 7) to base 10.
-52022
Convert 3097 (base 13) to base 12.
3a77
What is -3322617 (base 8) in base 13?
-254103
-430651 (base 12) to base 5
-232332321
What is -6d5b0f (base 16) in base 8?
-33255417
Convert -2605066 (base 12) to base 10.
-7473678
What is -2a242 (base 12) in base 10?
-59090
2453221 (base 11) to base 13
b64259
-694262 (base 11) to base 16
-10d75d
What is 10011101100001001000 (base 2) in base 10?
645192
Convert 20332013 (base 4) to base 9.
55355
What is -aa10c (base 14) in base 4?
-1210202200
What is -6061673 (base 8) in base 13?
-43c6c6
1334420302 (base 5) to base 10
3435702
21000121222110 (base 3) to base 6
211555533
What is -7125c (base 16) in base 12?
-1a4250
Convert 363804 (base 13) to base 2.
100111011101110001000
Convert 13b57 (base 12) to base 7.
143245
214712 (base 9) to base 5
13100103
-15935 (base 11) to base 8
-53627
Convert 39a60 (base 16) to base 4.
321221200
Convert a0804b (base 13) to base 2.
1110001110110010001001
1a059 (base 11) to base 12
14267
Convert -12436154 (base 8) to base 13.
-75bb77
What is -504555 (base 6) in base 11?
-28027
What is -101103353 (base 6) in base 16?
-1a78b5
Convert -180ab3 (base 12) to base 7.
-3352455
7227 (base 13) to base 5
1001000
Convert -6105553 (base 9) to base 15.
-443763
Convert 465a7 (base 16) to base 2.
1000110010110100111
What is -40214b (base 14) in base 15?
-2c91d2
What is 3a56 (base 11) in base 5?
132024
What is -40551454 (base 6) in base 13?
-31a659
Convert 6c7321 (base 15) to base 3.
100202120201011
Convert -69aa95 (base 12) to base 15.
-23839e
What is -4c68 (base 14) in base 2?
-11010001101100
What is 40533532 (base 6) in base 12?
4812a8
5566652 (base 7) to base 8
2501663
Convert -330322031 (base 4) to base 9.
-420205
Convert 6715665 (base 8) to base 2.
110111001101110110101
What is -100000100110010111 (base 2) in base 16?
-20997
-21431 (base 5) to base 2
-10111010011
Convert -17034191 (base 10) to base 15.
-176727b
-5515204 (base 7) to base 16
-a5292
What is 23654340 (base 8) in base 15?
6cab81
What is -201120101100 (base 3) in base 15?
-791e6
Convert 1583123 (base 9) to base 2.
11010111001100110111
Convert -34a413 (base 12) to base 13.
-23888a
Convert 156ca9 (base 14) to base 15.
ebd49
Convert -640598 (base 13) to base 16.
-23c03c
-102323310 (base 4) to base 2
-10010111011110100
5205733 (base 9) to base 14
524d4d
Convert 10b9b9 (base 12) to base 15.
54bbc
What is -3520 (base 11) in base 4?
-1020030
177dc9 (base 16) to base 8
5676711
What is -243433 (base 5) in base 7?
-35643
What is 1275bd (base 15) in base 3?
1122222202021
Convert 261682 (base 16) to base 14.
48d950
-112123322 (base 4) to base 15
-1c368
What is 117a069 (base 12) in base 14?
646145
1432002 (base 5) to base 9
45443
What is -28c49a (base 14) in base 3?
-2122222111222
What is 8813d (base 14) in base 16?
5073b
What is 721722 (base 13) in base 12?
a83139
-402000104 (base 5) to base 3
-2222222020212
-2242623 (base 9) to base 10
-1209189
2404873 (base 9) to base 6
43531020
Convert b037 (base 16) to base 11.
30990
223442221 (base 5) to base 12
402632
What is -174425 (base 9) in base 6?
-2153035
What is -40a4499 (base 11) in base 10?
-7238570
161844 (base 12) to base 5
44014210
What is 84d6d (base 14) in base 2?
1001110010110110101
What is -333bb (base 13) in base 12?
-45947
What is -1b47d (base 16) in base 13?
-3bb26
Convert 7753427 (base 8) to base 6.
112420315
What is 163441 (base 8) in base 7?
334335
What is 113008 (base 9) in base 13?
24b2a
-33012210 (base 4) to base 14
-18788
Convert 1111111101101110100 (base 2) to base 5.
113214444
What is 2201002201 (base 3) in base 8?
150052
Convert -11db68 (base 16) to base 15.
-181b3a
What is -18b164 (base 13) in base 11?
-396a74
Convert 11717521 (base 8) to base 7.
31033344
What is 110231132 (base 4) in base 6?
1452422
1cb55c (base 14) to base 10
1030062
What is 1623 (base 11) in base 6?
13350
What is 17b9b6 (base 13) in base 2?
10010001110001000001
b0de1 (base 15) to base 13
167b8a
What is 22011112200 (base 3) in base 5?
20121101
What is -20220020200212 (base 3) in base 14?
-6b5d97
-2111111222 (base 4) to base 5
-124033230
2b93ad (base 16) to base 4
22321032231
What is 312323131 (base 4) in base 12?
aa251
Convert -10006513 (base 8) to base 13.
-587142
Convert 1517829 (base 12) to base 11.
2452800
9016a (base 11) to base 12
64452
-111332203032 (base 4) to base 15
-78c070
What is 1011000101001010110110 (base 2) in base 12?
b80bb2
141665416 (base 7) to base 6
531110454
Convert 2310254 (base 6) to base 8.
346432
Convert d901d (base 16) to base 10.
888861
-443880 (base 12) to base 8
-4106440
What is -794841 (base 13) in base 7?
-33235353
Convert -2ab95 (base 16) to base 10.
-174997
-19919 (base 12) to base 10
-37605
Convert b26ef9 (base 16) to base 13.
2565825
132239 (base 12) to base 9
528770
Convert 58c141 (base 13) to base 2.
1000000011100000110011
-101332321100 (base 4) to base 2
-10001111110111001010000
What is 243510 (base 7) in base 6?
542003
Convert 3583507 (base 11) to base 8.
27636607
What is 101110100111100010 (base 2) in base 11?
120508
53440223 (base 6) to base 14
2d04d1
Convert 246364 (base 7) to base 2.
1011000110011101
What is -142a288 (base 14) in base 10?
-9785616
Convert -313725 (base 10) to base 9.
-527313
What is -220981 (base 14) in base 3?
-2011122110222
What is 3000031132 (base 4) in base 8?
3001536
987347 (base 11) to base 3
2222002022011
What is 212101122201 (base 3) in base 6?
13511501
-aa663 (base 13) to base 15
-616d5
What is -440201201 (base 5) in base 13?
-50b491
Convert 2925b04 (base 12) to base 15.
ad3521
9649